e (-103)/(-15) + 2/s. Let z(w) = -w**2 + 7*w + 3. Give z(a).
3
Let p = 42 - 40. Let f(w) = 13 - w**2 + 16 - 30 - p*w + 6. Let o(b) = -5*b + 6. Let k be o(2). Give f(k).
-3
Let l(f) = -f**3 - 15*f**2 + 28*f + 51. Let s be l(-14). Let x = s - -538. Let t(y) = -y**3 - 13*y**3 - 2*y**3. Give t(x).
-16
Let d(k) = 2*k**2 - 9*k - 2. Suppose 0 = 9*t - 12*t - o - 25, 3 = -4*t + 3*o. Calculate d(t).
124
Let s(o) = 3*o**2 - 15*o - 158. Let i(k) = 2*k**2 - 8*k - 79. Let m(b) = -5*i(b) + 3*s(b). Let l(j) be the first derivative of m(j). Calculate l(-5).
5
Let a(r) = -r - 3. Suppose 12*z - 5*g = 9*z - 129, 12 = -4*g. Let j = z - -46. Give a(j).
-1
Let o(h) = h - 6. Let b be 13/(234/(-27))*(-4)/(-3). Let k be b/15 + (-310)/(-75). Determine o(k).
-2
Let x be -3 + (204 - 1/(1/(-2))). Suppose -18*m + 67 + x = 0. Let a(r) = r**3 - 15*r**2 - r + 21. Determine a(m).
6
Let q(w) be the third derivative of w**6/120 + 3*w**5/5 + 67*w**4/24 - 29*w**3/6 + 222*w**2 - 1. Give q(-34).
5
Let a(d) = -9*d + 30 + 0*d**2 + d**2 + 36 - 55 + 0*d**2. What is a(8)?
3
Let w(f) = -16*f - 14. Let p(c) = 905*c - 4518. Let i be p(5). Determine w(i).
-126
Let t(i) = -i**2 + 96*i - 1572. Let r be t(21). Let v(w) = -10*w + 37. What is v(r)?
7
Let d(l) = 107*l**2 + 4*l - 20*l - 8*l - 3*l - 108*l**2 - 165. Determine d(-18).
-3
Let h(q) = -7*q - 71. Suppose -3*a = -77*k + 62*k - 162, 0 = -3*k - 5*a - 38. Determine h(k).
6
Let f(h) = -h**3 + 4*h**2 - 3*h. Let a(q) = q**2 - q - 39. Let m be a(-14). Let p = 175 - m. What is f(p)?
-12
Let n = -5025 - -5019. Let f(s) = -3*s**2 - 18*s. What is f(n)?
0
Let f(i) be the first derivative of -55 - 1/3*i**3 - 1/2*i**2 + 5*i. Determine f(-6).
-25
Suppose 7 = f - 5*t, -2*t - t = f - 15. Suppose -6*p + f - 66 = 0. Let m(w) = w**2 + 6*w - 20. Let j be m(p). Let g(u) = u**2 - 9*u + 6. What is g(j)?
-8
Let d(x) = 3*x**2 + 2*x + 11. Let k(h) = h**3 + 2*h**2 + 5*h - 30. Let a(s) = 2*d(s) + k(s). Give a(-6).
10
Suppose -4*o + 3 = 3*d - 2*d, -o = 2*d - 6. Let s(n) = o + 11 + n + 4 - 7. Give s(-4).
4
Let p(b) = -3*b + 3 + 4 + 1 - 6. Suppose 5*a = -i - 26, 0 = i - a - a - 9. Let d be p(i). Let g(r) = r - 3. Give g(d).
2
Let q(j) = j**2 + 13*j - 101. Let k(r) = -243*r + 12641. Let u be k(52). Calculate q(u).
-11
Let c(b) = 10*b + 3. Suppose 0 = 10*x - 51 + 61. Determine c(x).
-7
Let h = -3793 - -3789. Let k(j) = -j**3 - 2*j**2 - 3*j + 6. What is k(h)?
50
Let h(s) = 25*s**2 - 349*s - 12. Let u be h(14). Let w(b) be the second derivative of -b**u + 5/6*b**3 + 0 + 16*b. What is w(2)?
8
Suppose 2*d + 750 = 732. Let s(a) = a**3 + 8*a**2 - 8*a + 10. Calculate s(d).
1
Let z(v) = -v + 59. Suppose 5*m - 4*k = -53, 18 + 50 = -5*m - k. Give z(m).
72
Let z = -8627 - -8621. Let v(n) be the first derivative of n**4/4 + 2*n**3 - n**2/2 + 6*n + 1. Determine v(z).
12
Let p(v) = -31*v**2 + 24*v - 2. Let x(l) = -l**3 - 93*l**2 + 77*l - 6. Let w(d) = 7*p(d) - 2*x(d). Determine w(15).
-17
Let b = -3 - 3. Let z = -10 - b. Let p(w) = 13*w**3 + 8*w**2 - 53*w + 19. Let a(y) = -7*y**3 - 4*y**2 + 29*y - 10. Let l(h) = -11*a(h) - 6*p(h). Give l(z).
0
Let z(k) = -4*k - 10. Let u(o) = -2*o**2 - 43*o - 90. Let n be u(-2). Give z(n).
38
Let v(o) = -o**2 + 7*o + 100. Let q be v(-7). Let s(n) = -9*n - n**q - 7 + 1 - 4*n. Determine s(-12).
6
Let v(g) = 6 + g**3 + 0*g**3 + g**2 + g - 2*g. Suppose -18 = -81*i + 87*i. Let o be (i + 3)/(3 - 0). Calculate v(o).
6
Let i(m) = -7*m**3 - 2*m**2 - 3*m - 16. Let y(z) = -10*z**3 - 3*z**2 - 4*z - 20. Let a(j) = 3*i(j) - 2*y(j). Give a(0).
-8
Let n = -3 + 4. Let j(q) be the first derivative of 200 + 0*q**2 - 4/3*q**3 + 0*q. Calculate j(n).
-4
Suppose -6*c = 4 + 2. Let p be c + 1 + 1 - -5. Let a(o) = 2*o**2 + 3*o + 11. Let b(m) = m**2 + 1. Let n(t) = a(t) - 3*b(t). What is n(p)?
-10
Let h(t) = -t**2 - t + 3*t**2 + 9 + 5*t**2 - t**3. Suppose 3 = 5*w + 8*m, 4*w - 7*m - 48 = -2*m. Calculate h(w).
2
Let p = -7160 + 7169. Let h(l) = -l**2 + l + 17. What is h(p)?
-55
Suppose 8 = 2*w - 4*k, -3*w + 3*k + 51 = 63. Let b(h) = -h**3 - 12*h**2 + 4*h - 11. What is b(w)?
-59
Let z(o) be the first derivative of o**7/840 - o**5/120 + 11*o**4/24 + 37*o**3/3 + 39. Let t(l) be the third derivative of z(l). What is t(0)?
11
Let s(x) = 10*x - 28 + 0*x**2 + x**3 + 7*x - 21*x + 9*x**2. Calculate s(-9).
8
Let h(n) = 402*n - 196*n - 207*n - 16. What is h(-11)?
-5
Let o(h) be the first derivative of -h**2/2 + 3*h + 2726. Determine o(9).
-6
Let r be (-3 - (-3 + -2))*1045/(-190). Let n(d) = -3*d - 57. Calculate n(r).
-24
Let o(g) = 2*g**2 + 2*g + 8. Let h be o(0). Suppose 2*q = h*i - 4*i - 2, 3*i - 9 = 0. Let u(d) = d**2 - 3*d + 3. Give u(q).
13
Let k(c) be the third derivative of -c**6/60 - 13*c**5/30 - c**4 - 161*c**2. Give k(-12).
0
Let m(n) = n**2 + 8*n + 15. Let v be (42 - 42) + (-63)/9. Determine m(v).
8
Let b(d) be the second derivative of d**4/12 - 11*d**3/6 - 14*d**2 + 26*d - 5. Calculate b(12).
-16
Let f(q) = q**3 + 4*q**2 + 5*q + 3. Suppose 29 = -9*x + 83. Let c be 156/39*x/(-8). Determine f(c).
-3
Suppose 2*p - 3*i - 45 = 0, -85 = -21*p + 16*p + 2*i. Let r(d) = d**2 - 16*d + 12. Calculate r(p).
-3
Let q(z) = z**3 + 2. Let o be q(0). Let b = o - -5. Let i(v) be the second derivative of -v**4/12 + 7*v**3/6 - 3*v**2/2 + v - 693. Determine i(b).
-3
Let z be (-3)/(-27) - (-12)/(-108). Let x(f) = f**3 - f + 4 + 2*f - 2 - 5 + f**2. Determine x(z).
-3
Let r(h) be the first derivative of h**3/3 - 9*h**2/2 - 11*h + 1. Suppose 7*g = 23*g - 256. Suppose -3*b - 130 = -g*b. What is r(b)?
-1
Suppose t = -0*t - 5. Let x(p) be the second derivative of p**3 + 3*p**2 - 550*p + 4. Determine x(t).
-24
Let c(b) = -b**3 + 5*b**2 + 5*b + 2. Suppose 5*i = -4*y + 587, 20*y = 16*y + 3*i + 595. Let d = y - 142. Calculate c(d).
-4
Let x(w) be the first derivative of -5*w**3 + 0*w**2 + 1 + 1/24*w**5 + 0*w + 0*w**4. Let j(i) be the third derivative of x(i). Determine j(-3).
-15
Let s(c) = -2 + 4 + 2 + 15 + 5*c - 1. Calculate s(-2).
8
Let c(q) = 6 + q**3 + 11*q + 0*q**3 + 5*q**2 - 2*q**3. Let y(v) = v + 1. Suppose -962*b + 3 = -972*b + 13. Let l(h) = b*c(h) - 4*y(h). Give l(6).
8
Suppose 0 = 17*f + 47 - 200. Suppose 0 = -f*q + 14*q - 25. Let o(t) = 5*t**2 - t**3 + 3 - 7*t + 3*t + 0 + 0*t**3. Determine o(q).
-17
Let z(x) = 5*x**2 + 7*x - 6. Let g(v) = 9*v**2 + 13*v - 12. Suppose -4*c - 94 = s - 3*s, 0 = 3*c + 3. Let p = s - 39. Let a(t) = p*g(t) - 11*z(t). Give a(0).
-6
Suppose 100 = -4*o + 3*m, 50 = -2*o + 4*m - 3*m. Let b = -28 - o. Let p(s) = -s**3 + 3*s + 2. Calculate p(b).
20
Let q(n) = n**2 - 2*n + 2. Let d be q(5). Let p be d/4*-4*(1 + -2). Let i(g) = -g**3 - p*g + 0 + 18*g - g**2 + 1. Determine i(-1).
0
Let p(b) = -15520*b**2 + 13*b - 15515*b**2 + 31036*b**2 - 9 - 2. What is p(-11)?
-33
Suppose 18*s - 14*s = 2*x, x + 4*s - 6 = 0. Let t(z) = 0 + 5 + 27*z - z**x - 3 - 35*z. What is t(-5)?
17
Let a(s) be the third derivative of -s**5/30 + 17*s**4/12 - 3*s**3/2 + 1299*s**2. Give a(17).
-9
Let f(m) be the third derivative of m**6/120 + 7*m**5/60 - m**4/24 - 2*m**3/3 + 30*m**2. Let g be -13 + (6 - (10 - 11)). Calculate f(g).
38
Let q(k) = -8*k + 116. Let d = 17597 - 17584. Give q(d).
12
Let b = 457 + -431. Let o(c) = -2*c - 12*c**2 + b*c**2 - 15*c**3 + 16*c**3 + 12 - 14*c**2 - 11*c**2. What is o(11)?
-10
Let t = -2192 - -2189. Let b(f) be the second derivative of f**3/6 - f**2 - 6*f. Give b(t).
-5
Suppose -7 - 11 = -5*l + 2*f, 0 = 4*l + 3*f - 19. Let m(o) be the third derivative of 1/12*o**l - 1/60*o**5 + 0*o + 1/3*o**3 - 6*o**2 + 0. Give m(-2).
-6
Let i(u) = -6*u - 7. Let w(t) = t + 9. Let y(d) = 2*i(d) + 3*w(d). Give y(5).
-32
Let j(y) = -42*y - 6 + 75*y + 7*y - 37*y. Suppose -4*z = -5*z + 4. Determine j(z).
6
Let s(g) = -4*g**2 - 6*g - 44. Let d(t) = 10*t**2 + 16*t + 108. Let p(j) = -5*d(j) - 12*s(j). Calculate p(-6).
-36
Let p(m) = 119628*m**2 - 119624*m**2 - 1 + 2*m + 27*m. Calculate p(-7).
-8
Let b(j) be the third derivative of j**6/40 + j**5/30 + j**4/8 + j**3/2 + j**2. Suppose 7*y + y = -72. Let r be ((-5 - y) + -5)*2. Calculate b(r).
-19
Let o = 7346 - 7346. Let l(k) = k**3 - 4*k + 5. Calculate l(o).
5
Let d(v) = 7*v. Let m(y) = 653*y - 1959. Let l be m(3). Calculate d(l).
0
Let g = -192 + 202. Suppose 4*s = 5*m + 13, -g = 5*m - 5. Let c(f) = 4*f + 1. What is c(s)?
9
Let l(y) = 8*y**2 - 5*y - 23. L